) + (-1 - 9)?
-79
29 - -12 - (-47 - (-3 - 20))
65
(-451 - -454) + 2 + -62
-57
86 - (6 + (-17 - (-13 - -9)))
93
What is 0 - 2 - (-3 + 0 + 6) - (-83 + 156)?
-78
Calculate 98 + (-47 - -20) + -127.
-56
What is the value of -70 + (134 - (66 + -8))?
6
61 + 2 + -61 + (-7 - -33)
28
(-99 + 118 - (-8 + 2)) + -23
2
-100 - (-165 - (-52 - 9))
4
What is -4 - -1 - ((-41 - 32) + 90)?
-20
143 + -160 + -20 + 2 - -22
-13
Calculate 111 - 151 - (-31 - 2) - -99.
92
What is 0 + 64 - (-5 - (-7 + 3)) - (32 - 30)?
63
What is (63 - (59 - -25)) + 13?
-8
Calculate 10 + (-12 - (7 + (-10 - -6) + -6)).
1
15 - (91 + -12 + (-4 - -21)) - -16
-65
Evaluate -3874 - -3881 - (-2 + -71 + -2).
82
What is the value of (378 - 384 - (-13 + 1)) + 14?
20
What is -27 + (-8 + 137 + -20 - 14)?
68
What is 2 + (1 - 12 - 3 - 4) - (-1643 - -1646)?
-19
What is the value of (24 + -32 - 7) + -16?
-31
What is (0 - 100) + (-22 - 16 - (0 - 33)) + 6?
-99
What is -3230 + 3385 + (-1 - 110)?
44
What is the value of (11 - 21 - 6) + 22 + 22?
28
Evaluate (338 - 81 - 325) + -2 + 15.
-55
What is the value of 9 - -13 - 27 - (-1 + -8) - (6 + -4)?
2
Evaluate -7 + -6 - -25 - (57 + 10 - 14).
-41
What is -56 - (-20 - (4 - (0 - -9) - 11))?
-52
Calculate 4 - (32 + 16 + -54).
10
What is the value of (13 - -1) + (-1 - 1) + (2838 - 2871)?
-21
What is the value of (3 + 0 - 5 - -50) + (0 - -10) + -9?
49
Calculate -27 + (-25 - -65) + (5 - -1) + -61.
-42
Calculate 81 - (42 + 51 - 5).
-7
Calculate -9 + (-2 + -3 + -12 - -11) + 3 + 13.
1
Evaluate 75 + (68 - 111) + 34.
66
What is 1 - (8 + (-16 - 1 - 20 - 0))?
30
Evaluate 25 + 50 + 20 + -50 + -174.
-129
Evaluate -244 + 243 + -25 + -3 + 20.
-9
-6 + -50 + 3 - (-24 - -12 - -27)
-68
What is -2 - (-100 - (-11 - 42))?
45
What is the value of -51 - (-36 + 47 + -66)?
4
(8 - (12 - ((9 - 10) + 8 + 2))) + -71
-66
Calculate 24 + -38 + (-177 - -103).
-88
What is the value of (-152 + -21 - -79) + 22 + -3?
-75
What is the value of -14797 - -14798 - (-2 + -50 + -2)?
55
What is -25 + 3 - ((-42 - -22) + 60)?
-62
Calculate -7 + (1 + 22 + -26 - (-5 + -28 + 7)).
16
Calculate -2 + -1 + 4 + 35 + (-58 - -20).
-2
Calculate (16 - ((-39 - -68) + 33)) + -24.
-70
What is the value of -90 + 86 + -2 + -2 - (-5 + -2 + 1)?
-2
Evaluate 11 - (-1 + 123 + -62).
-49
-43 - (-244 + 254 + (1 - 5) + 2)
-51
What is 4 - -2 - 1 - ((-16 - -21) + -10 + 1)?
9
What is the value of (3 - 7) + (100 - (191 - 79) - (40 + 0))?
-56
(250 - 154) + (-7 - 84)
5
Evaluate 22 + (-5 - (-3 + 68)).
-48
Calculate -11 - (-9 + 7 + 4 - (-2 - 33)).
-48
What is the value of (-53 - (-61 + -98)) + -106 - (-1 - -1 - 55)?
55
Calculate 4 + -3 + 25 + 106 + -35.
97
Calculate 22 - (-713 + 675 + (-29 - -1)).
88
(-5 - -1) + (-3 - 55) + (-707 - -690)
-79
(8 - -2) + (6 + (-20 - -21) - 8)
9
Evaluate -45 + 28 + 18 + -6.
-5
Calculate (-6 - (-2 + 4 - (13 - 14) - 13)) + 30.
34
(21 - -9) + 255 + -298
-13
What is the value of -1 + (1 - (-111 + 38) - -14)?
87
3512 + -3384 + -86 + -2
40
-72 - (-27 - 5 - 18)
-22
18 + -44 + (27 - 64)
-63
What is the value of (25 - 13) + (86 - 133)?
-35
Calculate 1888 + -1889 - (0 + 0 + 51).
-52
Calculate 4 - (215 + (-6 - 102)).
-103
Calculate (-65 - (47 - 103)) + 39.
30
What is the value of 44 - (7 + -15 - (-105 + 117))?
64
Evaluate -125 + (-49 - -161) + (1 - -99).
87
What is (-9 - (-3 - (-1 - 11 - -3) - 0)) + 10?
-5
0 - -236 - (-9868 + 10031)
73
Calculate -38 + (38 + 13 - 96).
-83
What is the value of -55 - (-102 - (-89 + 31))?
-11
Evaluate -40 + 1 + 0 - (-449 + (274 - -166)).
-30
What is -1 + -15 - (-12 - (-69 + 69))?
-4
What is the value of (2 + -7 + 37 - (-9 + -3)) + 15?
59
Evaluate (-4 - (13 - 68)) + -49.
2
(1 - (-15 + (12 - -9))) + (19 - 0)
14
Evaluate (9 - 0) + -28 - (-121 + 44).
58
Evaluate (-10 - -33) + 22 + -1 + -1 + -11.
32
What is the value of 10 + ((52 - 12) + -43 - (0 + (-8 - 0)))?
15
What is 52 - (14 + -44 + 29 + -24)?
77
What is the value of (16 - 7) + -6 + -24 - 17?
-38
What is (28 + 86 - 111) + 27 + -1?
29
Calculate 4 - 17 - (-9 + 16 + (-5 - 18)).
3
What is the value of (1 - 3) + (-1 - 10) - (44 + -62 - -26)?
-21
Calculate 90 + -13 + (66 - 84).
59
Calculate -19 + (7 - 14) + 84.
58
What is 69 + (-187 - -135) - 51?
-34
-33 + (129 - -33) + -61
68
(17 - 11 - 6) + (4 - -1) + (-452 - -497)
50
What is the value of 13 + (2 - -1) + (457 - 553 - (-2 - -6))?
-84
Evaluate 107 + (2 - (-2 + (1 - 2)) - (-1056 - -1066)).
102
28 + (24 + -38 - -31) + -110
-65
What is -1 + 0 + (-17 - 27 - -58) - 38?
-25
Evaluate (0 - -17) + (174 - 219).
-28
Calculate -16 + -1 + -329 + 309 + (67 - 1).
29
Evaluate (14 - 6 - (17 - -2)) + (54 - 63).
-20
Calculate (-15 - 5) + 107 + -46 + -21 + -130.
-110
What is -46 - ((-9 - 1) + -535 + 570)?
-71
Evaluate 34 - 68 - -24 - -29.
19
What is the value of -84 - (-137 - 1 - -69)?
-15
Evaluate (2 - -6 - (0 + 33 + (-157 - -140))) + -74.
-82
What is the value of (48 - 104 - -40) + (-14 + 1 - -1)?
-28
What is the value of 112 + 1 + 1 + -1 + 1 - (10229 - 10231)?
116
Calculate (-129 - -140) + 9 + -7 + 37.
50
(19 - 24) + 1 - (-14 - -5)
5
Calculate (32 - (8 - (-12 - -30))) + -19 + 10.
33
What is 85 + 2 + 5 + 2 + (-149 - -144)?
89
-261 - -276 - ((53 - -1) + -1)
-38
28 + -1 + -25 + (-21 - -55)
36
Evaluate -7 + -33 + 12 + 22 - (34 - -4).
-44
What is the value of (3 + -10 - -8) + (-82 - -3)?
-78
-69 - (-21 - (74 + -56))
-30
What is the value of 2 - -134 - (10773 + -10754)?
117
What is the value of 114 + -100 + 95 + -154?
-45
Calculate 25 - (64 + (-14 - 0)) - (-1 - 3 - -1).
-22
20 - (-44 + -6 - (-70 + 68))
68
What is (-3330 - -3326) + 1 + -87?
-90
What is -1 + 2 + (-82 - -138) - 15?
42
Calculate 34 + -19 + 8 + (-9 - 6) - -6.
14
7 + -3 + -2 + 41 + (7 - 0 - 3)
47
What is -5 - -1 - ((2 - -24) + -142 + 139)?
-27
What is the value of -2758 + 2685 + 13 + (-2 - 1) + (4 - 2)?
-61
Calculate -100 - (-87 - (-6 + 52)).
33
What is the value of -139 + (-32 + -9 - -65 - (4 - 0))?
-119
What is the value of 5 + -64 - (-18 - (-25 - 6))?
-72
What is -84 - (8 - -19) - -48?
-63
Evaluate (11 - ((-5 + -7 - -82) + 1)) + -6 + 11.
-55
Evaluate -107 - (-199 + 84) - 21.
-13
What is the value of 14 + (1 - -29 - (-100 + 115) - 25)?
4
What is the value of -15 + -17 + 21 + (4 - 28) + -3?
-38
What is -42 + (-30 - (39 - 46))?
-65
What is the value of 48 - (3 - ((-2 - -5) + 36 + -36 + -4))?
44
(-69 + 216 - 130) + (1 + -9 - -1)
10
What is (-3 - ((-34 - -13) + 12 + -1)) + -11?
-4
Evaluate 0 + -27 + 61 + -56 + 13 + -2 - -6.
-5
Calculate -580 - -490 - (-117 - -1).
26
What is the value of (3 - -3) + (28 - 31) + -52 + 0?
-49
What is the value of -68 - (-44 + -61) - (116 + -10)?
-69
Calculate -55 + 2 + (9 - (-3 - -10)).
-51
What is 20 + (4 - (-30 + 12) - 59)?
-17
What is the value of -6 - (-11 + (8 - (9 + -7)) + -8)?
7
What is the value of (-19 - -6) + -92 - -156?
51
What is 5 + -1 + 3 - (-8 + -30 - 6)?
51
What is -69 + (49 - (6 + 20))?
-46
-9 + 0 + (264 + -113 - 219)
-77
-63 + 3 - (-55 - -19) - 82
-106
What is (9 - 50) + -9 + (21 - (1 + 19))?
-49
What is the value of -50 + (-12 - (-22 + 3 + -11)) + -12 + 6?
-38
What is the value of -29 + (-1508 - -1557) + 0 + -40?
-20
Evaluate (-513 - -696 - 175) + (1 - (0 + 8)).
1
What is -4255 + 4318 + (-44 - -1)?
20
What is (0 - -79) + (44 - 30) + -15 - -6?
84
(2 - 13) + -303 + 315 + -14 + 1
-12
What is -2 + -85 - (-138 - -69) - (-57 - 0)?
39
What is the value of (-20 - (-26 + -7)) + 40?
53
Evaluate 65 - (128 + -232 + 205).
-36
Evaluate 5 + (23 - (27 + -3)) + -9.
-5
Calculate (12 + -25 + 1 - (-1 - 23)) + -15.
-3
Calculate (11 - (4 - (-31 - -17)) - -1) + (-2 - 43).
-51
Calculate 324 - 261 - (24 - -5).
34
Calculate (7 - (-9 + 4)) + (20 - (36 - -1)).
-5
Evaluate 26 - (16 - -33 - -35).
-58
Calculate (11 + 65 - -2) + -92.
-14
What is the value of 30 + 43 - (37 - 24)?
60
What is the value of (-4 + -15 - -13 - (-4 - -10)) + 11?
-1
What is -2 + 9 - -8 - (-61 + 27)?
49
(55 - (-47 - -73)) + -8
21
What is the value of 7 - (100 + -88 - (2 + -1) - -89)?
-93
Evaluate (-22 + -16 - -27) + (13 - -1) + 7 + -68.
-58
(2 - (17 + -2)) + (-29 - -7) + 6 + 1
-28
What is the value of -54 + 7 - (8 - (-4 + 6) - (6 + 1))?
-46
Calculate (5 + -5 + 4 + 1 - 18) + 93.
80
What is the value of (-47 - (8 + -11 - -15)) + (-11 - -13)?
-57
Evaluate (84 - 53) + (-16 - (-2 + -4 + 0)).
21
Calculate (-10 - 3) + 152 + (-84 - -46).
101
What is -36 + (47 - 52) + 67?
26
What is 